{"id":14,"date":"2023-01-01T08:39:36","date_gmt":"2023-01-01T07:39:36","guid":{"rendered":"http:\/\/urgence-enfants-africains.org\/?page_id=14"},"modified":"2025-08-10T11:55:08","modified_gmt":"2025-08-10T09:55:08","slug":"organigramme","status":"publish","type":"page","link":"https:\/\/urgence-enfants-africains.org\/index.php\/organigramme\/","title":{"rendered":"ORGANIGRAMME"},"content":{"rendered":"\n<p class=\"has-text-align-center has-vivid-cyan-blue-color has-text-color has-large-font-size\"><strong>CONSEIL D&#8217;ADMINISTRATION<\/strong><\/p>\n\n\n\n<p class=\"has-text-align-center has-medium-font-size\"><strong>PRESIDENT D&#8217;HONNEUR &#8211; Camille MIANSONI<\/strong><\/p>\n\n\n<div class=\"wp-block-image\">\n<figure class=\"aligncenter size-full is-resized\"><a href=\"https:\/\/actu.fr\/bretagne\/brest_29019\/camille-miansoni-nouveau-procureur-de-brest-les-stupefiants-la-priorite_40842793.html\" target=\"_blank\" rel=\"noreferrer noopener\"><img loading=\"lazy\" decoding=\"async\" width=\"960\" height=\"640\" src=\"https:\/\/urgence-enfants-africains.org\/wp-content\/uploads\/2023\/01\/Camille-Miansoni.jpg\" alt=\"\" class=\"wp-image-102\" style=\"width:383px;height:255px\" srcset=\"https:\/\/urgence-enfants-africains.org\/wp-content\/uploads\/2023\/01\/Camille-Miansoni.jpg 960w, https:\/\/urgence-enfants-africains.org\/wp-content\/uploads\/2023\/01\/Camille-Miansoni-300x200.jpg 300w, https:\/\/urgence-enfants-africains.org\/wp-content\/uploads\/2023\/01\/Camille-Miansoni-768x512.jpg 768w\" sizes=\"auto, (max-width: 960px) 100vw, 960px\" \/><\/a><\/figure>\n<\/div>\n\n\n<p>Camille Miansoni\u00a0est actuellement Procureur g\u00e9n\u00e9ral de la Cour d&#8217;appel en Nouvelle Cal\u00e9donie<\/p>\n\n\n\n<p><\/p>\n\n\n\n<p class=\"has-text-align-center has-medium-font-size\"><strong>PRESIDENT EXECUTIF &#8211; Mingwa BIANGO<\/strong><\/p>\n\n\n<div class=\"wp-block-image\">\n<figure class=\"aligncenter size-full\"><img loading=\"lazy\" decoding=\"async\" width=\"208\" height=\"291\" src=\"https:\/\/urgence-enfants-africains.org\/wp-content\/uploads\/2023\/01\/Mingwa-biango.jpg\" alt=\"\" class=\"wp-image-106\"\/><\/figure>\n<\/div>\n\n\n<p class=\"has-text-align-center\">Mingwa BIANGO est Project Manager et consultant en R\u00e9seaux T\u00e9l\u00e9coms (Paris-France)<\/p>\n\n\n\n<p class=\"has-text-align-center\"><\/p>\n\n\n\n<p class=\"has-text-align-center has-medium-font-size\"><strong>VICE-PRESIDENT- Patrice-Serge GANGA-ZANDZOU<\/strong><\/p>\n\n\n<div class=\"wp-block-image\">\n<figure class=\"aligncenter size-full is-resized\"><a href=\"https:\/\/www.youtube.com\/watch?v=9FibnDAT7TI\" target=\"_blank\" rel=\"noreferrer noopener\"><img loading=\"lazy\" decoding=\"async\" width=\"780\" height=\"534\" src=\"https:\/\/urgence-enfants-africains.org\/wp-content\/uploads\/2023\/01\/Dr-Ganga-Zandzou.jpg\" alt=\"\" class=\"wp-image-104\" style=\"width:351px;height:240px\" srcset=\"https:\/\/urgence-enfants-africains.org\/wp-content\/uploads\/2023\/01\/Dr-Ganga-Zandzou.jpg 780w, https:\/\/urgence-enfants-africains.org\/wp-content\/uploads\/2023\/01\/Dr-Ganga-Zandzou-300x205.jpg 300w, https:\/\/urgence-enfants-africains.org\/wp-content\/uploads\/2023\/01\/Dr-Ganga-Zandzou-768x526.jpg 768w\" sizes=\"auto, (max-width: 780px) 100vw, 780px\" \/><\/a><\/figure>\n<\/div>\n\n\n<p>Le&nbsp;Dr Patrice Serge GANGA-ZANDZOU&nbsp;est P\u00e9diatre, M\u00e9decin des H\u00f4pitaux et Praticien hospitalier au Centre Hospitalier de Roubaix, en France.<\/p>\n\n\n\n<p><\/p>\n\n\n\n<p class=\"has-text-align-center has-medium-font-size\"><strong>SECRETAIRE : Prosper MOUANDA-MOUSSOKI<\/strong><\/p>\n\n\n<div class=\"wp-block-image\">\n<figure class=\"aligncenter size-full is-resized\"><img loading=\"lazy\" decoding=\"async\" width=\"489\" height=\"524\" src=\"https:\/\/urgence-enfants-africains.org\/wp-content\/uploads\/2023\/01\/mouanda-moussoki.jpg\" alt=\"\" class=\"wp-image-312\" style=\"width:281px;height:301px\" srcset=\"https:\/\/urgence-enfants-africains.org\/wp-content\/uploads\/2023\/01\/mouanda-moussoki.jpg 489w, https:\/\/urgence-enfants-africains.org\/wp-content\/uploads\/2023\/01\/mouanda-moussoki-280x300.jpg 280w\" sizes=\"auto, (max-width: 489px) 100vw, 489px\" \/><\/figure>\n<\/div>\n\n\n<p class=\"has-text-align-center\">Prosper MOUANDA-MOUSSOKI est enseignant, Juriste et Linguiste en Normandie<\/p>\n\n\n\n<p><\/p>\n\n\n\n<p class=\"has-text-align-center has-medium-font-size\"><strong> Geoffroy Justin BALONGA<\/strong><\/p>\n\n\n<div class=\"wp-block-image\">\n<figure class=\"aligncenter size-full is-resized\"><a href=\"https:\/\/www.alexia.fr\/avocat-921409\/geoffroy-balonga.htm\" target=\"_blank\" rel=\"noreferrer noopener\"><img loading=\"lazy\" decoding=\"async\" width=\"528\" height=\"416\" src=\"https:\/\/urgence-enfants-africains.org\/wp-content\/uploads\/2023\/01\/Geoffroy-Justin-Balonga.jpg\" alt=\"\" class=\"wp-image-105\" style=\"width:332px;height:262px\" srcset=\"https:\/\/urgence-enfants-africains.org\/wp-content\/uploads\/2023\/01\/Geoffroy-Justin-Balonga.jpg 528w, https:\/\/urgence-enfants-africains.org\/wp-content\/uploads\/2023\/01\/Geoffroy-Justin-Balonga-300x236.jpg 300w\" sizes=\"auto, (max-width: 528px) 100vw, 528px\" \/><\/a><\/figure>\n<\/div>\n\n\n<p class=\"has-text-align-center\">Avocat au Barreau de Paris &#8211; France<\/p>\n\n\n\n<p><\/p>\n\n\n\n<p class=\"has-text-align-center has-large-font-size\"><strong>MEMBRES D&#8217;HONNEUR<\/strong><\/p>\n\n\n\n<div class=\"wp-block-columns is-layout-flex wp-container-core-columns-is-layout-9d6595d7 wp-block-columns-is-layout-flex\">\n<div class=\"wp-block-column is-layout-flow wp-block-column-is-layout-flow\" style=\"flex-basis:100%\"><div class=\"wp-block-image\">\n<figure class=\"aligncenter size-full is-resized\" id=\"michelmpandi\"><a href=\"https:\/\/loisirs.lagrue.ch\/uploads\/archives\/2004\/04.12.30\/veveyse.htm\"><img loading=\"lazy\" decoding=\"async\" width=\"390\" height=\"267\" src=\"https:\/\/urgence-enfants-africains.org\/wp-content\/uploads\/2023\/01\/Mpandi-1.jpg\" alt=\"\" class=\"wp-image-113\" style=\"width:357px;height:245px\" srcset=\"https:\/\/urgence-enfants-africains.org\/wp-content\/uploads\/2023\/01\/Mpandi-1.jpg 390w, https:\/\/urgence-enfants-africains.org\/wp-content\/uploads\/2023\/01\/Mpandi-1-300x205.jpg 300w\" sizes=\"auto, (max-width: 390px) 100vw, 390px\" \/><\/a><figcaption class=\"wp-element-caption\">Michel MPANDI est Docteur en Pharmacie et chef d&#8217;entreprise<\/figcaption><\/figure>\n<\/div><\/div>\n<\/div>\n\n\n\n<hr class=\"wp-block-separator has-alpha-channel-opacity\"\/>\n\n\n\n<p class=\"has-text-align-center has-vivid-cyan-blue-color has-text-color\" style=\"font-size:26px\"><strong>REPRESENTANT URGENCE ENFANTS AFRICAINS <\/strong><\/p>\n\n\n\n<p class=\"has-text-align-center has-vivid-cyan-blue-color has-text-color\" style=\"font-size:26px\"><strong>AU CONGO-BRAZZAVILLE<\/strong><\/p>\n\n\n\n<div class=\"wp-block-columns is-layout-flex wp-container-core-columns-is-layout-9d6595d7 wp-block-columns-is-layout-flex\">\n<div class=\"wp-block-column is-layout-flow wp-block-column-is-layout-flow\" style=\"flex-basis:50%\">\n<figure class=\"wp-block-image size-full\"><img loading=\"lazy\" decoding=\"async\" width=\"923\" height=\"789\" src=\"https:\/\/urgence-enfants-africains.org\/wp-content\/uploads\/2023\/04\/mbambi-richard.jpg\" alt=\"\" class=\"wp-image-392\" srcset=\"https:\/\/urgence-enfants-africains.org\/wp-content\/uploads\/2023\/04\/mbambi-richard.jpg 923w, https:\/\/urgence-enfants-africains.org\/wp-content\/uploads\/2023\/04\/mbambi-richard-300x256.jpg 300w, https:\/\/urgence-enfants-africains.org\/wp-content\/uploads\/2023\/04\/mbambi-richard-768x657.jpg 768w\" sizes=\"auto, (max-width: 923px) 100vw, 923px\" \/><\/figure>\n\n\n\n<p class=\"has-text-align-center has-medium-font-size\"><strong>Dr Richard MBAMBI<\/strong><\/p>\n\n\n\n<p class=\"has-text-align-center\">(Repr\u00e9sentant local \u00e0 Pointe-Noire)<\/p>\n<\/div>\n\n\n\n<div class=\"wp-block-column is-layout-flow wp-block-column-is-layout-flow\" style=\"flex-basis:50%\"><\/div>\n<\/div>\n","protected":false},"excerpt":{"rendered":"<div class=\"mh-excerpt\"><p>CONSEIL D&#8217;ADMINISTRATION PRESIDENT D&#8217;HONNEUR &#8211; Camille MIANSONI Camille Miansoni\u00a0est actuellement Procureur g\u00e9n\u00e9ral de la Cour d&#8217;appel en Nouvelle Cal\u00e9donie PRESIDENT EXECUTIF &#8211; Mingwa BIANGO Mingwa <a class=\"mh-excerpt-more\" href=\"https:\/\/urgence-enfants-africains.org\/index.php\/organigramme\/\" title=\"ORGANIGRAMME\">[&#8230;]<\/a><\/p>\n<\/div>","protected":false},"author":1,"featured_media":0,"parent":0,"menu_order":0,"comment_status":"closed","ping_status":"closed","template":"","meta":{"footnotes":""},"class_list":["post-14","page","type-page","status-publish","hentry"],"_links":{"self":[{"href":"https:\/\/urgence-enfants-africains.org\/index.php\/wp-json\/wp\/v2\/pages\/14","targetHints":{"allow":["GET"]}}],"collection":[{"href":"https:\/\/urgence-enfants-africains.org\/index.php\/wp-json\/wp\/v2\/pages"}],"about":[{"href":"https:\/\/urgence-enfants-africains.org\/index.php\/wp-json\/wp\/v2\/types\/page"}],"author":[{"embeddable":true,"href":"https:\/\/urgence-enfants-africains.org\/index.php\/wp-json\/wp\/v2\/users\/1"}],"replies":[{"embeddable":true,"href":"https:\/\/urgence-enfants-africains.org\/index.php\/wp-json\/wp\/v2\/comments?post=14"}],"version-history":[{"count":28,"href":"https:\/\/urgence-enfants-africains.org\/index.php\/wp-json\/wp\/v2\/pages\/14\/revisions"}],"predecessor-version":[{"id":521,"href":"https:\/\/urgence-enfants-africains.org\/index.php\/wp-json\/wp\/v2\/pages\/14\/revisions\/521"}],"wp:attachment":[{"href":"https:\/\/urgence-enfants-africains.org\/index.php\/wp-json\/wp\/v2\/media?parent=14"}],"curies":[{"name":"wp","href":"https:\/\/api.w.org\/{rel}","templated":true}]}}